**3 + 5*k**2 + 3*k. Let z(n) = -4*p(n) - 11*x(n). Is z(1) prime?
False
Let l(u) be the third derivative of -18*u**4 - 13*u**3/6 + u**2. Suppose -65 - 217 = 47*c. Is l(c) prime?
True
Let t = -245404 + 513149. Is t prime?
False
Let t(c) = c - 73. Let r(d) = 3*d - 145. Let o(f) = 4*r(f) - 9*t(f). Let x be o(-24). Suppose 3*v = -x*h + h + 11854, 0 = 2*h + v - 5928. Is h composite?
True
Let y = 260436 + -116821. Is y a prime number?
False
Let w = -63 - -65. Suppose 3*u + f = w*u + 1097, -u + 1099 = 2*f. Suppose 2*t + 211 = m, 3*m + 2*m - u = 2*t. Is m prime?
False
Let d(v) = -v**2 + 26*v - 64. Let h be d(23). Suppose -2*g - y + 2933 = 0, -4*y - 1 = -h. Is g prime?
False
Let u(q) = q**3 - 10*q**2 + 3*q + 33. Let t be u(22). Suppose 0 = 13*m - t - 866. Is m prime?
True
Suppose 20 = 4*q - 4*n + 4, -n = -1. Suppose -27*m - q*m + 244448 = 0. Is m a composite number?
False
Let u(h) = 96*h**2 - 28*h - 217. Suppose 4*g + g + 90 = 3*r, g + 36 = -3*r. Is u(g) prime?
False
Suppose -25*r + 267573 = -22*r + 5*z, -2*z = -z. Is r composite?
True
Let y(f) = -3*f. Let k be y(-2). Let z = -4 + k. Suppose -6*c + 75 = -c + z*h, 3*c = -4*h + 59. Is c prime?
True
Let x be 687630 + (0 - (0 - 2)). Is (6/(-8))/((-132)/x) composite?
False
Let l = 18 - -65. Let k = -375 - -1011. Let p = l + k. Is p a composite number?
False
Let j be 8*(759/2)/(-11). Let t = 132 + j. Is (-196008)/t - (-1)/(-6) prime?
True
Let v(b) = 8*b - 4. Let y be v(18). Suppose 137*j - y*j + 11595 = 0. Is j a prime number?
False
Let r be (-1)/(-1 - -3 - 1). Let h(b) = 12*b**2 + 3*b + 2. Let m be h(r). Let p(j) = 34*j - 3. Is p(m) a prime number?
False
Suppose -3*v + v - 2 = 0, -5*c = -5*v - 145. Suppose 33*x - c = 26*x. Suppose -2*o - 3455 = -5*l, l - 694 = -x*o + 5*o. Is l prime?
False
Suppose -j - 3*w + 270 = 0, w = j - 6*j + 1378. Suppose 282 = 3*i + 3*v, -5*i - 4*v = -748 + j. Let b = i + 575. Is b composite?
True
Let s(l) = -3*l - 41. Let a be s(-12). Is -5 + (-92)/(-20) + (-2487)/a a composite number?
True
Let s(z) = 4*z**2 - 7*z + 12. Let r = -71 - -53. Let d be ((-30)/(-36))/((-3)/r). Is s(d) prime?
False
Let l(g) = -51*g**3 - 32*g**2 + 9*g - 16. Let q be l(-10). Suppose 0 = 7*m - m - q. Is m a composite number?
False
Is 11*23575 + -6 - (-10 + 8) a prime number?
True
Let x be 1186*(7/7 + 1/(-2)). Suppose y + o = x + 894, y + 3*o = 1477. Suppose 0*p + p = 2*u - 2949, -u + y = 3*p. Is u composite?
True
Let r(v) = 43470*v**3 - 3*v**2 + 8*v - 6. Is r(1) a composite number?
True
Is (-652500)/(-16) - (-651)/372 a prime number?
False
Is (4 + -1325*213)*(-17 - -16) composite?
False
Suppose x = -3*f + 8671 + 12856, -5*f - 5*x + 35865 = 0. Is f a prime number?
True
Suppose -40 = 93*d - 83*d. Let l(m) = -3*m**3 + 3*m**2 + 21*m + 5. Is l(d) a composite number?
True
Suppose 3347 = 2*x - s, s - 3349 = x - 3*x. Suppose -4*o + 2217 = 5*k, 3*o + 112 + x = 4*k. Is k composite?
True
Let w = 18 + -24. Let g be -3 + (2323/5 - w/(-10)). Let r = g + -262. Is r prime?
True
Let c be (4 - (-12)/(-3))*(2 + -3). Is 6 + c + -6 - -15959 prime?
True
Let h be 379429/(-295) - -6*2/(-15). Let n = -116 - h. Is n composite?
False
Suppose 0*k + 84 = 6*k. Suppose k*c = 6*c + 24. Suppose -11 - 22 = -c*i. Is i a prime number?
True
Let w(c) = c**3 - 12*c**2 - 5*c + 8. Let d be w(9). Let i = 519 + d. Suppose 8*f - i = 233. Is f a composite number?
False
Let w = 587 + -392. Let h(l) = -w*l + 697*l - 1 + 599*l + 2. Is h(2) prime?
True
Let h(u) = 10172*u**2 - 174*u + 21. Is h(-4) a composite number?
False
Let l be 22802/(-18) + -5*(-12)/(-270). Let b = -144 - l. Is b a composite number?
False
Let y(r) be the second derivative of 5*r**4/6 + 25*r**3/6 - 3*r**2 + 19*r. Let z = -209 - -198. Is y(z) a composite number?
False
Suppose -2304 = 4*f + 392. Suppose a - 1272 = -4*k - 7884, -3*k + 5*a = 4959. Let x = f - k. Is x composite?
True
Is ((8755605/(-12))/3)/((-105)/(-28) - 5) a prime number?
True
Suppose -2*o + 4*a = -33666, -4*o - 12*a + 13*a = -67367. Is o prime?
True
Suppose 1033222 = 15*d - 920423. Suppose -4*n + 130225 = -j, -10*n - 5*j = -6*n - d. Is n composite?
True
Let d(z) = 133*z**2 + 32*z - 2. Let q be (0 - -3)*6/18*-5. Is d(q) composite?
False
Let o(t) = t**3 - 6*t**2 + 3*t + 21. Let m be o(5). Suppose -3*b + 1 = -m. Suppose 3283 = 5*s - b*u, -680 - 1300 = -3*s - u. Is s composite?
False
Let s(f) = 69*f**2 - 60*f - 1094. Is s(-55) a prime number?
False
Let l be (-368)/(-6) + 0 - (-4)/6. Let f = 110 - l. Let p = 165 + f. Is p a composite number?
True
Suppose 3 = -5*c + 18. Suppose -2*k = c*k - 15. Suppose -2*f = 5*s - 55, 0 = 2*f - 5*s - k - 2. Is f prime?
False
Let x be 4/(8 - 1545306/193165). Suppose -61*l = -66*l + x. Is l prime?
False
Suppose 7*z - 43*z + 4309704 = 0. Let a = z - 69993. Is a a prime number?
False
Suppose -4*q = -5 + 1, -5*x = 4*q - 24. Let z(g) = 500*g**2 - 23*g - 7. Is z(x) composite?
False
Let y(r) = r**2 - 4*r - 7. Let a be y(6). Suppose 26 = -v + a*d, 0 = 4*v + 5*d + 14 + 15. Is 109*-1*(v - -4) prime?
False
Let o(m) = m**3 - 6*m**2 - 20*m + 11. Let w be o(8). Is 238/w*(-3 + 11043/(-6)) a composite number?
True
Let w = -112 + 103. Is w*(1 + (-1452)/18) composite?
True
Suppose 8*s = -9 + 81. Suppose -2*a = -5*a + s. Suppose 0 = -a*l + 11*l - 5896. Is l a composite number?
True
Is 1/1*-7 + 264759 + -285 composite?
True
Let z be (9/5)/(36/(-420)). Is (-10)/35 - (22791/z - 2) a prime number?
True
Is ((-15427)/2)/(40/(-1040)) a composite number?
True
Let d = -60 - -62. Suppose -d*n + 337 = -359. Let f = n + -89. Is f a composite number?
True
Suppose 13*x + 129115 - 475591 = 0. Suppose 23*p = 21*p + x. Suppose 8*q - p = 2*q. Is q composite?
False
Let v(g) = 765*g**2 - 72*g**2 + 2 + 753*g**2 - 325*g**2 + 2*g. Is v(-1) a composite number?
True
Let v(r) = -74*r + 3. Let k(l) = -2*l**2 - 14*l - 27. Let y(q) = -3*q**2 - 28*q - 54. Let f(o) = 5*k(o) - 3*y(o). Let s be f(16). Is v(s) prime?
True
Is ((-1451416)/6 + 2)*(-294)/196 composite?
False
Let c = 6 + -7. Suppose 84332 = 4*t - 4*p, 3*p + 105405 = t + 4*t. Is (c/3)/((-6)/t) prime?
True
Suppose -4*l - 10962 + 78691 = -3*l. Is l prime?
False
Suppose 13*w - 56*w = 63*w - 13590578. Is w a composite number?
False
Let m = 27030 + -17449. Suppose 2*w - m = -3*y, 2*y - 2*w - 5711 - 663 = 0. Is y a prime number?
True
Let x(g) = -987*g + 4. Let b be (2 + -4 - -3)*-13. Let u = b + 12. Is x(u) a composite number?
False
Let n(q) = -3330*q**3 - 2*q**2 + 117*q + 501. Is n(-4) a prime number?
False
Suppose 2*l = z - 5, 17 = 3*z + 2*z - 2*l. Let c(b) = b + 1. Let s be c(z). Suppose 2*f = s*r + 4*f - 2362, 2387 = 4*r - 3*f. Is r composite?
False
Suppose -l + 0 = 6. Let n be (172/(-5))/(l/15). Suppose 0 = -9*y + n + 1255. Is y a prime number?
True
Let k(u) = -138 + 42*u + 235 + 64*u. Is k(6) prime?
True
Let s(m) = -23648*m - 671. Is s(-4) a prime number?
False
Let j(m) be the first derivative of 25*m**2 - 11*m + 35. Is j(6) a composite number?
True
Let v(d) = 131*d - 23. Let q = -43 - -48. Let k be v(q). Suppose n = t + 427 + 209, 0 = -n - 3*t + k. Is n prime?
False
Let q be (-2415182)/847 + (-6)/11. Let z = -43 - q. Is z a prime number?
False
Let h(a) = -a**2 - 8*a + 7. Let k be h(-4). Suppose k*c - 104 = 19*c. Is 39/c*(-1 - -2567) a composite number?
True
Let z be ((-3)/(-2))/((-27)/36). Let l be z/(3*(-8)/27468). Let t = l - 632. Is t prime?
True
Let b(i) = -12*i**2 + 2. Let y be b(-2). Let m = y - -54. Suppose -1920 = -4*u + 4*w, -2*w = 2*w + m. Is u composite?
True
Let o(f) = -14*f**3 + 9*f**2 + 3*f - 7. Let n(r) = 15*r**3 - 10*r**2 - 3*r + 8. Let x = 91 + -96. Let t(c) = x*o(c) - 4*n(c). Is t(4) prime?
False
Suppose -34*h - 605620 + 1064101 = -4344257. Is h a prime number?
True
Let u be 17340/(-8)*(20/(-6) + -4). Suppose -3*k + u = 4*j, -3*k + 4*j = -8757 - 7130. Is k a composite number?
False
Suppose -t = -5*n + 622642, 4*n + 4*t - 269287 = 228841. Is n composite?
False
Suppose -4*b - 2*f = -0*b - 66224, 4*f = 4*b - 66200. Suppose -2*i + 5*u = -20603, 4*u - b - 14293 = -3*i. Is i a composite number?
False
Let p be 1/4 + 141/12. Let x = -9 + p. Suppose -6*m - 1022 = -2*r - 2*m, 0 = -m - x. Is r prime?
False
Let w(u) = 15*u**2 - 3*u + 13. Let n(k) = k**2 + 13*k + 24. Let o be n(-10). Let c be 6 + o - (-1 - -6). Is w(c) composite?
True
Let j = -16 + 20. Suppose 0*s + 3*s + 16 =